{"id":18,"date":"2025-03-16T17:05:51","date_gmt":"2025-03-16T16:05:51","guid":{"rendered":"https:\/\/guillaumeanglard.com\/?page_id=18"},"modified":"2025-05-28T11:57:02","modified_gmt":"2025-05-28T09:57:02","slug":"bio","status":"publish","type":"page","link":"https:\/\/guillaumeanglard.com\/index.php\/bio\/","title":{"rendered":"Bio"},"content":{"rendered":"\n<figure class=\"wp-block-pullquote has-text-align-left has-text-color has-link-color wp-elements-ce6d84d8a3c755aa173bc510b0d542c4\" style=\"border-radius:0px;border-top-style:none;border-top-width:0px;border-right-color:#ffffff00;border-bottom-style:none;border-bottom-width:0px;border-left-color:#ffffff00;color:#ffffffc2;font-size:18px\"><blockquote><p>Depuis l&rsquo;adolescence, Guillaume Anglard r\u00e9alise des courts m\u00e9trages \u00e0 la fronti\u00e8re entre fiction et exp\u00e9rimental.<br>Il a appris la technique de l\u2019image cin\u00e9matographique au BTS audiovisuel de Boulogne Billancourt. Il a poursuivi son cursus \u00e0 l\u2019universit\u00e9 de Paris 8 o\u00f9 il a obtenu un Master r\u00e9alisation.<br>Ses films questionnent la soci\u00e9t\u00e9 en mettant en sc\u00e8ne des paysages o\u00f9 l\u2019humain est d\u00e9t\u00e9rior\u00e9 ou bien n\u2019est plus qu\u2019une trace.<br>Il travaille de fa\u00e7on artisanale sur support film (super 8 et 16mm). Il est membre des laboratoires partag\u00e9s L\u2019Abominable et L\u2019Etna (o\u00f9 il donne des stages d\u2019initiation \u00e0 la pratique du 16mm).<br>Il r\u00e9alise parfois des clips et des s\u00e9quences g\u00e9n\u00e9riques sur commande.<br>Il aime la collaboration artistique : musique, sculpture, danse.<br>Il fait \u00e9galement des performances cin\u00e9 avec des projecteurs diapos et 16mm, performances qu\u2019il \u00e9labore toujours avec des<br>musiciens.<\/p><\/blockquote><\/figure>\n\n\n\n<p style=\"font-size:30px\"><\/p>\n","protected":false},"excerpt":{"rendered":"<p>Depuis l&rsquo;adolescence, Guillaume Anglard r\u00e9alise des courts m\u00e9trages \u00e0 la fronti\u00e8re entre fiction et exp\u00e9rimental.Il a appris la technique de l\u2019image cin\u00e9matographique au BTS audiovisuel de Boulogne Billancourt. Il a poursuivi son cursus \u00e0 l\u2019universit\u00e9 de Paris 8 o\u00f9 il a obtenu un Master r\u00e9alisation.Ses films questionnent la soci\u00e9t\u00e9 en mettant en sc\u00e8ne des paysages [&hellip;]<\/p>\n","protected":false},"author":1,"featured_media":0,"parent":0,"menu_order":0,"comment_status":"closed","ping_status":"closed","template":"","meta":{"footnotes":""},"class_list":["post-18","page","type-page","status-publish","hentry","entry"],"yoast_head":"<!-- This site is optimized with the Yoast SEO plugin v24.6 - https:\/\/yoast.com\/wordpress\/plugins\/seo\/ -->\n<title>Bio - guillaume anglard<\/title>\n<meta name=\"robots\" content=\"index, follow, max-snippet:-1, max-image-preview:large, max-video-preview:-1\" \/>\n<link rel=\"canonical\" href=\"https:\/\/guillaumeanglard.com\/index.php\/bio\/\" \/>\n<meta property=\"og:locale\" content=\"fr_FR\" \/>\n<meta property=\"og:type\" content=\"article\" \/>\n<meta property=\"og:title\" content=\"Bio - guillaume anglard\" \/>\n<meta property=\"og:description\" content=\"Depuis l&rsquo;adolescence, Guillaume Anglard r\u00e9alise des courts m\u00e9trages \u00e0 la fronti\u00e8re entre fiction et exp\u00e9rimental.Il a appris la technique de l\u2019image cin\u00e9matographique au BTS audiovisuel de Boulogne Billancourt. Il a poursuivi son cursus \u00e0 l\u2019universit\u00e9 de Paris 8 o\u00f9 il a obtenu un Master r\u00e9alisation.Ses films questionnent la soci\u00e9t\u00e9 en mettant en sc\u00e8ne des paysages [&hellip;]\" \/>\n<meta property=\"og:url\" content=\"https:\/\/guillaumeanglard.com\/index.php\/bio\/\" \/>\n<meta property=\"og:site_name\" content=\"guillaume anglard\" \/>\n<meta property=\"article:modified_time\" content=\"2025-05-28T09:57:02+00:00\" \/>\n<meta name=\"twitter:card\" content=\"summary_large_image\" \/>\n<script type=\"application\/ld+json\" class=\"yoast-schema-graph\">{\"@context\":\"https:\/\/schema.org\",\"@graph\":[{\"@type\":\"WebPage\",\"@id\":\"https:\/\/guillaumeanglard.com\/index.php\/bio\/\",\"url\":\"https:\/\/guillaumeanglard.com\/index.php\/bio\/\",\"name\":\"Bio - guillaume anglard\",\"isPartOf\":{\"@id\":\"https:\/\/guillaumeanglard.com\/#website\"},\"datePublished\":\"2025-03-16T16:05:51+00:00\",\"dateModified\":\"2025-05-28T09:57:02+00:00\",\"breadcrumb\":{\"@id\":\"https:\/\/guillaumeanglard.com\/index.php\/bio\/#breadcrumb\"},\"inLanguage\":\"fr-FR\",\"potentialAction\":[{\"@type\":\"ReadAction\",\"target\":[\"https:\/\/guillaumeanglard.com\/index.php\/bio\/\"]}]},{\"@type\":\"BreadcrumbList\",\"@id\":\"https:\/\/guillaumeanglard.com\/index.php\/bio\/#breadcrumb\",\"itemListElement\":[{\"@type\":\"ListItem\",\"position\":1,\"name\":\"Accueil\",\"item\":\"https:\/\/guillaumeanglard.com\/\"},{\"@type\":\"ListItem\",\"position\":2,\"name\":\"Bio\"}]},{\"@type\":\"WebSite\",\"@id\":\"https:\/\/guillaumeanglard.com\/#website\",\"url\":\"https:\/\/guillaumeanglard.com\/\",\"name\":\"guillaume anglard\",\"description\":\"\",\"publisher\":{\"@id\":\"https:\/\/guillaumeanglard.com\/#organization\"},\"potentialAction\":[{\"@type\":\"SearchAction\",\"target\":{\"@type\":\"EntryPoint\",\"urlTemplate\":\"https:\/\/guillaumeanglard.com\/?s={search_term_string}\"},\"query-input\":{\"@type\":\"PropertyValueSpecification\",\"valueRequired\":true,\"valueName\":\"search_term_string\"}}],\"inLanguage\":\"fr-FR\"},{\"@type\":\"Organization\",\"@id\":\"https:\/\/guillaumeanglard.com\/#organization\",\"name\":\"guillaume anglard\",\"url\":\"https:\/\/guillaumeanglard.com\/\",\"logo\":{\"@type\":\"ImageObject\",\"inLanguage\":\"fr-FR\",\"@id\":\"https:\/\/guillaumeanglard.com\/#\/schema\/logo\/image\/\",\"url\":\"https:\/\/guillaumeanglard.com\/wp-content\/uploads\/2025\/05\/cropped-Logo-Blanc.png\",\"contentUrl\":\"https:\/\/guillaumeanglard.com\/wp-content\/uploads\/2025\/05\/cropped-Logo-Blanc.png\",\"width\":1542,\"height\":1908,\"caption\":\"guillaume anglard\"},\"image\":{\"@id\":\"https:\/\/guillaumeanglard.com\/#\/schema\/logo\/image\/\"}}]}<\/script>\n<!-- \/ Yoast SEO plugin. -->","yoast_head_json":{"title":"Bio - guillaume anglard","robots":{"index":"index","follow":"follow","max-snippet":"max-snippet:-1","max-image-preview":"max-image-preview:large","max-video-preview":"max-video-preview:-1"},"canonical":"https:\/\/guillaumeanglard.com\/index.php\/bio\/","og_locale":"fr_FR","og_type":"article","og_title":"Bio - guillaume anglard","og_description":"Depuis l&rsquo;adolescence, Guillaume Anglard r\u00e9alise des courts m\u00e9trages \u00e0 la fronti\u00e8re entre fiction et exp\u00e9rimental.Il a appris la technique de l\u2019image cin\u00e9matographique au BTS audiovisuel de Boulogne Billancourt. Il a poursuivi son cursus \u00e0 l\u2019universit\u00e9 de Paris 8 o\u00f9 il a obtenu un Master r\u00e9alisation.Ses films questionnent la soci\u00e9t\u00e9 en mettant en sc\u00e8ne des paysages [&hellip;]","og_url":"https:\/\/guillaumeanglard.com\/index.php\/bio\/","og_site_name":"guillaume anglard","article_modified_time":"2025-05-28T09:57:02+00:00","twitter_card":"summary_large_image","schema":{"@context":"https:\/\/schema.org","@graph":[{"@type":"WebPage","@id":"https:\/\/guillaumeanglard.com\/index.php\/bio\/","url":"https:\/\/guillaumeanglard.com\/index.php\/bio\/","name":"Bio - guillaume anglard","isPartOf":{"@id":"https:\/\/guillaumeanglard.com\/#website"},"datePublished":"2025-03-16T16:05:51+00:00","dateModified":"2025-05-28T09:57:02+00:00","breadcrumb":{"@id":"https:\/\/guillaumeanglard.com\/index.php\/bio\/#breadcrumb"},"inLanguage":"fr-FR","potentialAction":[{"@type":"ReadAction","target":["https:\/\/guillaumeanglard.com\/index.php\/bio\/"]}]},{"@type":"BreadcrumbList","@id":"https:\/\/guillaumeanglard.com\/index.php\/bio\/#breadcrumb","itemListElement":[{"@type":"ListItem","position":1,"name":"Accueil","item":"https:\/\/guillaumeanglard.com\/"},{"@type":"ListItem","position":2,"name":"Bio"}]},{"@type":"WebSite","@id":"https:\/\/guillaumeanglard.com\/#website","url":"https:\/\/guillaumeanglard.com\/","name":"guillaume anglard","description":"","publisher":{"@id":"https:\/\/guillaumeanglard.com\/#organization"},"potentialAction":[{"@type":"SearchAction","target":{"@type":"EntryPoint","urlTemplate":"https:\/\/guillaumeanglard.com\/?s={search_term_string}"},"query-input":{"@type":"PropertyValueSpecification","valueRequired":true,"valueName":"search_term_string"}}],"inLanguage":"fr-FR"},{"@type":"Organization","@id":"https:\/\/guillaumeanglard.com\/#organization","name":"guillaume anglard","url":"https:\/\/guillaumeanglard.com\/","logo":{"@type":"ImageObject","inLanguage":"fr-FR","@id":"https:\/\/guillaumeanglard.com\/#\/schema\/logo\/image\/","url":"https:\/\/guillaumeanglard.com\/wp-content\/uploads\/2025\/05\/cropped-Logo-Blanc.png","contentUrl":"https:\/\/guillaumeanglard.com\/wp-content\/uploads\/2025\/05\/cropped-Logo-Blanc.png","width":1542,"height":1908,"caption":"guillaume anglard"},"image":{"@id":"https:\/\/guillaumeanglard.com\/#\/schema\/logo\/image\/"}}]}},"_links":{"self":[{"href":"https:\/\/guillaumeanglard.com\/index.php\/wp-json\/wp\/v2\/pages\/18","targetHints":{"allow":["GET"]}}],"collection":[{"href":"https:\/\/guillaumeanglard.com\/index.php\/wp-json\/wp\/v2\/pages"}],"about":[{"href":"https:\/\/guillaumeanglard.com\/index.php\/wp-json\/wp\/v2\/types\/page"}],"author":[{"embeddable":true,"href":"https:\/\/guillaumeanglard.com\/index.php\/wp-json\/wp\/v2\/users\/1"}],"replies":[{"embeddable":true,"href":"https:\/\/guillaumeanglard.com\/index.php\/wp-json\/wp\/v2\/comments?post=18"}],"version-history":[{"count":17,"href":"https:\/\/guillaumeanglard.com\/index.php\/wp-json\/wp\/v2\/pages\/18\/revisions"}],"predecessor-version":[{"id":356,"href":"https:\/\/guillaumeanglard.com\/index.php\/wp-json\/wp\/v2\/pages\/18\/revisions\/356"}],"wp:attachment":[{"href":"https:\/\/guillaumeanglard.com\/index.php\/wp-json\/wp\/v2\/media?parent=18"}],"curies":[{"name":"wp","href":"https:\/\/api.w.org\/{rel}","templated":true}]}}